 z + -138. Suppose 4*w - 49 = a. What is the highest common divisor of w and 4?
4
Let a be 5/2*(-5 - -35). Suppose 162 = 5*k - 11*h + 15*h, 3*k = -h + 93. What is the greatest common divisor of a and k?
15
Let z(l) = l**2 + 7*l + 3. Let n be z(-7). Suppose -2*p = -n*g + 15, 5*g - 30 = 5*p - 5. Suppose a = 13 - g. What is the highest common factor of 24 and a?
8
Suppose -v = -0*v - 4. Suppose v*r - 2*q - 12 = 2*r, -4*r + 12 = 2*q. Let h be (-21 - (3 - r))/(-1). Calculate the highest common divisor of 100 and h.
20
Suppose 881 = -16*b + 8497. What is the greatest common factor of 136 and b?
68
Let j = -32 - -36. Suppose -8*x = j*l - 6*x - 116, 3*x + 78 = 3*l. Calculate the greatest common divisor of l and 4.
4
Suppose 7*i - 175 = -0*i. Suppose -18 = -4*q - 2*x, -2*x = -4*q - 0*x + 30. Suppose -400 = 2*s - q*s. What is the greatest common factor of s and i?
25
Let b(d) = 2*d**2 + 14*d - 52. Let f be b(3). What is the highest common divisor of 56 and f?
8
Let o be ((-2)/2)/((-36)/(-20) + -2). Suppose 54 = o*g + s, 2*g - 2 = s + 21. Calculate the highest common factor of 99 and g.
11
Let u = 180 - -28. Suppose v = -3*v + u. Let s = 84 - v. Calculate the greatest common factor of 8 and s.
8
Let t(m) = -m + 1. Let x(i) = -30. Let a(n) = 5*t(n) + x(n). Let l be a(-11). What is the greatest common factor of 20 and l?
10
Let o be (-4)/(-4)*12 + -3. Let r = 16 - o. What is the greatest common divisor of 7 and r?
7
Suppose 3*o = 92 + 16. Suppose -6*v = -3*v - 3*q - 27, 0 = v - 2*q - 6. Calculate the highest common factor of o and v.
12
Suppose -167 + 5 = -18*x. Suppose -2*n - n = -18. What is the highest common factor of n and x?
3
Let l(v) = 24*v - 10. Let c be l(7). Suppose 5*y + c = -5*d + 518, 0 = -5*d + 10. Calculate the highest common factor of 28 and y.
14
Let t = -181 - -1364. Calculate the highest common divisor of 91 and t.
91
Let p be 2/(-7) + (-78)/21. Let o(i) = -2*i. Let w be o(p). Let n = 1485 + -1465. Calculate the greatest common factor of n and w.
4
Let l be -1*1161/(-21) - (-28)/(-98). Calculate the greatest common factor of l and 11.
11
Let u be (-3)/6 - 5/(-2). Suppose -82*t + 84*t - 8 = 0. Suppose -8*x = -t*x - 72. What is the greatest common factor of x and u?
2
Let b be 3*2/(1 + 0). Suppose 3 + 3 = b*n. Let c be (-3)/n - 1 - -18. What is the highest common divisor of c and 70?
14
Let z = 671 + -32. Calculate the highest common factor of z and 9.
9
Let k(x) = x**3 - 3*x**2 - 2. Let c be k(4). Let d = 108 + 44. Suppose 0 = -2*w + f + 80, 32 = 4*w + 4*f - d. What is the highest common factor of c and w?
14
Let v = -10 + 22. Let x(m) = 0*m**3 + 198 + m**3 - 190 + 5*m**2 - 3*m. Let a be x(-4). Calculate the highest common factor of a and v.
12
Let i be -46*57/(-30) + (-2)/5. Let p = -51 + i. Calculate the highest common factor of p and 54.
18
Suppose -5*o + 1190 = -12*o. Let b = 254 + o. Calculate the greatest common factor of 28 and b.
28
Let s be (4 + -3)*1/(-4)*-188. What is the greatest common divisor of 47 and s?
47
Suppose 1767 = 19*x - 950. Calculate the highest common factor of 44 and x.
11
Suppose -k = -2*j - 3*j + 18, -j = -4. Suppose -66 = -m - k*m. Let d be (11/5)/(4/60). What is the greatest common divisor of m and d?
11
Let p = 1605 + -1009. Suppose l = -5*n + p, 3*l = 4*n + n - 612. What is the greatest common divisor of n and 12?
12
Let c = -87 - -47. Let g be (-3)/4 - c/(-32). Let s be (-3784)/(-20) - g/(-10). What is the greatest common factor of s and 27?
27
Suppose -3*f = 3*s - 12, s + 2 = 34*f - 32*f. Let c = 140 + -86. Suppose 5*u + c = 3*g, -f*g - u + 10 = -g. Calculate the highest common factor of 117 and g.
13
Let z(x) be the first derivative of x**4/4 + 4*x**3/3 + x**2/2 - 2*x + 28. Let r be z(-2). What is the greatest common factor of 32 and r?
4
Suppose -1581 = -9*o - 1329. Calculate the highest common factor of o and 217.
7
Let r = 83 - -466. What is the highest common divisor of 27 and r?
9
Let d(l) = -l**3 - 5*l**2 + 3*l + 5. Suppose 7*u - 40 = 4*b + 3*u, 2 = -3*b - 4*u. Let g be d(b). Calculate the highest common factor of g and 92.
23
Let q(d) = d**3 - 6*d**2 - 14*d - 7. Let u be q(8). What is the greatest common factor of 135 and u?
9
Suppose -3*n - 179 = -c, 5*c - 2*n - 843 = 39. What is the greatest common divisor of c and 44?
44
Let q be -11*(-4 - (1 - 4)). Let k = q + -5. What is the greatest common factor of 18 and k?
6
Suppose g = 4*g - 186. Let j(o) = -o**2 - 20*o + 155. Let n be j(0). Calculate the highest common factor of g and n.
31
Suppose -4*v + 4 = 0, -2*v - 29 = 2*n - 77. Let j = 28 - n. Calculate the greatest common factor of j and 25.
5
Let p(z) = -z**3 + 5*z**2 + z + 5. Let o be p(4). Let s = 33 - o. What is the highest common divisor of s and 20?
4
Suppose -219 = 5*w - 4*x, 4*w = -w + 5*x - 220. Let j = 79 + w. What is the highest common divisor of j and 12?
12
Let o be (-276)/27 - 8/(-36). Let s = o + 4. Let c(i) = i**2 + 3*i + 8. Let d be c(s). Calculate the highest common factor of d and 78.
26
Let x be (-4)/(-7) + 51/119. Let j be (-1)/((3 + x)/(-84)). Let i be 0 - 1*-166 - -2. What is the highest common factor of j and i?
21
Let n(o) = -2*o + 19. Let p be n(8). Suppose -v = -t - 22, 5*v + p*t - 180 + 38 = 0. What is the highest common divisor of v and 52?
26
Let z = -37 - -40. Suppose d + z*d - 252 = 0. What is the greatest common divisor of d and 7?
7
Let q(l) = l - 1. Let g be q(6). Suppose g*x - 2*i - 83 = 6, 0 = -4*x - 2*i + 82. Calculate the greatest common divisor of x and 171.
19
Let j(s) = 5*s**3 - s - 4. Let u be (-3 - 0)/((-6)/(-8)*-2). Let z be j(u). Calculate the greatest common factor of z and 374.
34
Let t(k) = 3*k**2 - k. Let q be t(-1). Suppose q*j - 30 = -2*j. Suppose 0 = j*y + 5 - 85. Calculate the highest common divisor of y and 176.
16
Let a be (-8)/(-3)*(1 + 2). Suppose -3*z = -a*z + 50. What is the highest common divisor of z and 110?
10
Let d be 98 + 3 + -7 - 4/(-2). What is the greatest common factor of 216 and d?
24
Suppose -d - 12 = -b - 0*b, 4*b - 2*d - 44 = 0. Calculate the highest common divisor of b and 65.
5
Suppose 0 = 3*z - 54 - 144. Let v(c) = -c**3 - c - 1. Let s be v(-1). Let x(o) = 7*o - 1. Let g be x(s). Calculate the highest common factor of g and z.
6
Suppose -22 = -6*w + 26. Suppose -k - p = 2*k - 148, 2*p - w = 0. What is the highest common divisor of k and 96?
48
Let u be 740/90 + -8 - 1220/(-18). Calculate the highest common factor of u and 238.
34
Suppose -3*q = q - 88. Let u = 50 - q. Let x = 48 + -41. Calculate the highest common divisor of u and x.
7
Let d(f) = f**2 - f + 1. Let p(v) = v**2 - 4*v + 3. Let j be p(3). Let q be d(j). What is the greatest common divisor of 7 and q?
1
Let s be ((-10)/15)/(3/36 + 0). Let a(i) = i**3 + 9*i**2 + 3*i - 5. Let d be a(s). Calculate the highest common divisor of 5 and d.
5
Let s = -14 - -38. Let t be (-56)/s*(-1 - 5). Let a be 141 + -1*2 + 1. What is the greatest common factor of t and a?
14
Suppose 0*p - 5*p + 2*g = 0, 5*p + g = 15. Suppose p*o = -o + 2*l + 21, -2*l = -4*o + 30. Calculate the highest common divisor of 63 and o.
9
Suppose -2*i + 355 = 3*a, -i + 178 = 4*a - 2. Calculate the greatest common divisor of 22 and i.
22
Let l = 48 + 0. Let u(g) = g**2 - 8*g - 5. Let m be u(9). Suppose -3*o + 8*o - 75 = 5*v, 12 = -m*v. What is the highest common divisor of o and l?
12
Suppose -2 = 2*j - 68. What is the highest common divisor of j and 12?
3
Suppose -794 + 6130 = 23*j. Calculate the greatest common factor of 145 and j.
29
Suppose -5*z + 57 = 5*a - 38, 101 = 5*a + 3*z. Let i be 113/2 + (-11)/a. Let b be (0 + (2 - 1))*7. What is the highest common divisor of b and i?
7
Let r(s) = s**2 + 10*s + 21. Let m be r(-6). Let n be 1 + 1 - (3 + m + -10). Calculate the greatest common divisor of n and 108.
12
Suppose 5*q + 21 + 9 = 0. Let c = q + 10. Let o = 68 - 36. Calculate the greatest common divisor of c and o.
4
Suppose 2*z + 3*t = 135, 5*t + 5 = -10. What is the highest common factor of 27 and z?
9
Let s be 1*-2 + 2 + -9 + 13. Calculate the highest common factor of 44 and s.
4
Let v = -1092 - -1105. What is the highest common factor of 91 and v?
13
Let i = -146 + 148. Calculate the greatest common factor of 10 and i.
2
Let f(g) = 124*g**2 - 13*g - 8. Let r be f(-3). Calculate the greatest c